{"id":2915,"date":"2017-04-12T08:31:38","date_gmt":"2017-04-12T06:31:38","guid":{"rendered":"http:\/\/www.dcase.se\/?page_id=2915"},"modified":"2017-05-17T10:49:50","modified_gmt":"2017-05-17T08:49:50","slug":"nyheter-gastforelasare-fick-pultizerpriset","status":"publish","type":"page","link":"http:\/\/mkv.miun.se\/dcase2018\/nyheter-gastforelasare-fick-pultizerpriset\/","title":{"rendered":"G\u00e4stf\u00f6rel\u00e4sare p\u00e5 Mittuniversitetet fick Pultizer-priset"},"content":{"rendered":"<figure id=\"attachment_2916\" aria-describedby=\"caption-attachment-2916\" style=\"width: 200px\" class=\"wp-caption alignright\"><img loading=\"lazy\" class=\"wp-image-2916 size-medium\" src=\"http:\/\/www.dcase.se\/wp-content\/uploads\/2017\/04\/Joachim_Dyfvermark_2013-11-01_001-200x300.jpg\" alt=\"\" width=\"200\" height=\"300\" \/><figcaption id=\"caption-attachment-2916\" class=\"wp-caption-text\">Joachim Dyfvermark. Foto: Magnus Bergstr\u00f6m (mynewsdesk)<\/figcaption><\/figure>\n<p>Genom \u00e5ren har vi haft m\u00e5nga guldspadevinnare som g\u00e4stf\u00f6rel\u00e4st p\u00e5 Mittuniversitetet, men Joachim Dyfvermark \u00e4r den f\u00f6rsta Pulitzer-pris vinnaren vi haft f\u00f6rm\u00e5nen att f\u00e5 lyssna till. Vi p\u00e5 Dcase.se s\u00e4ger stort grattis till Jocke och Sven Bergman p\u00e5 UG, Helena Bengtsson p\u00e5 The guardian och n\u00e4stan 400 andra gr\u00e4vande journalister v\u00e4rlden runt som jobbade med j\u00e4tteavsl\u00f6jandet Panama Papers.<br \/>\n <a href=\"https:\/\/panamapapers.icij.org\/20170410-pulitzer-prize.html\" target=\"_blank\" rel=\"nofollow noopener\">https:\/\/panamapapers.icij.org\/20170410-pulitzer-prize.html<\/a><\/p>\n<div id=\"themify_builder_content-2915\" data-postid=\"2915\" class=\"themify_builder_content themify_builder_content-2915 themify_builder\">\n    <\/div>\n<!-- \/themify_builder_content -->","protected":false},"excerpt":{"rendered":"<p>Genom \u00e5ren har vi haft m\u00e5nga guldspadevinnare som g\u00e4stf\u00f6rel\u00e4st p\u00e5 Mittuniversitetet, men Joachim Dyfvermark \u00e4r den f\u00f6rsta Pulitzer-pris vinnaren vi haft f\u00f6rm\u00e5nen att f\u00e5 lyssna till. Vi p\u00e5 Dcase.se s\u00e4ger stort grattis till Jocke och Sven Bergman p\u00e5 UG, Helena Bengtsson p\u00e5 The guardian och n\u00e4stan 400 andra gr\u00e4vande journalister v\u00e4rlden runt som jobbade med [&hellip;]<\/p>\n","protected":false},"author":87,"featured_media":2916,"parent":0,"menu_order":0,"comment_status":"closed","ping_status":"closed","template":"","meta":[],"categories":[2],"tags":[],"_links":{"self":[{"href":"http:\/\/mkv.miun.se\/dcase2018\/wp-json\/wp\/v2\/pages\/2915"}],"collection":[{"href":"http:\/\/mkv.miun.se\/dcase2018\/wp-json\/wp\/v2\/pages"}],"about":[{"href":"http:\/\/mkv.miun.se\/dcase2018\/wp-json\/wp\/v2\/types\/page"}],"author":[{"embeddable":true,"href":"http:\/\/mkv.miun.se\/dcase2018\/wp-json\/wp\/v2\/users\/87"}],"replies":[{"embeddable":true,"href":"http:\/\/mkv.miun.se\/dcase2018\/wp-json\/wp\/v2\/comments?post=2915"}],"version-history":[{"count":4,"href":"http:\/\/mkv.miun.se\/dcase2018\/wp-json\/wp\/v2\/pages\/2915\/revisions"}],"predecessor-version":[{"id":2920,"href":"http:\/\/mkv.miun.se\/dcase2018\/wp-json\/wp\/v2\/pages\/2915\/revisions\/2920"}],"wp:featuredmedia":[{"embeddable":true,"href":"http:\/\/mkv.miun.se\/dcase2018\/wp-json\/wp\/v2\/media\/2916"}],"wp:attachment":[{"href":"http:\/\/mkv.miun.se\/dcase2018\/wp-json\/wp\/v2\/media?parent=2915"}],"wp:term":[{"taxonomy":"category","embeddable":true,"href":"http:\/\/mkv.miun.se\/dcase2018\/wp-json\/wp\/v2\/categories?post=2915"},{"taxonomy":"post_tag","embeddable":true,"href":"http:\/\/mkv.miun.se\/dcase2018\/wp-json\/wp\/v2\/tags?post=2915"}],"curies":[{"name":"wp","href":"https:\/\/api.w.org\/{rel}","templated":true}]}}