{"id":2923,"date":"2017-05-09T14:49:16","date_gmt":"2017-05-09T12:49:16","guid":{"rendered":"http:\/\/www.dcase.se\/?page_id=2923"},"modified":"2017-05-17T10:49:44","modified_gmt":"2017-05-17T08:49:44","slug":"gastforelasare-fran-chalmers-gav-lektion-i-digitalt-kallskydd","status":"publish","type":"page","link":"http:\/\/mkv.miun.se\/dcase2018\/gastforelasare-fran-chalmers-gav-lektion-i-digitalt-kallskydd\/","title":{"rendered":"G\u00e4stf\u00f6rel\u00e4sare fr\u00e5n Chalmers gav lektion i digitalt k\u00e4llskydd"},"content":{"rendered":"<figure id=\"attachment_2924\" aria-describedby=\"caption-attachment-2924\" style=\"width: 2667px\" class=\"wp-caption alignnone\"><img loading=\"lazy\" class=\"wp-image-2924\" src=\"http:\/\/www.dcase.se\/wp-content\/uploads\/2017\/04\/20170412_133014.jpg\" alt=\"\" width=\"2667\" height=\"1500\" srcset=\"http:\/\/mkv.miun.se\/dcase2018\/wp-content\/uploads\/2017\/04\/20170412_133014.jpg 5312w, http:\/\/mkv.miun.se\/dcase2018\/wp-content\/uploads\/2017\/04\/20170412_133014-300x169.jpg 300w, http:\/\/mkv.miun.se\/dcase2018\/wp-content\/uploads\/2017\/04\/20170412_133014-768x432.jpg 768w, http:\/\/mkv.miun.se\/dcase2018\/wp-content\/uploads\/2017\/04\/20170412_133014-580x326.jpg 580w\" sizes=\"(max-width: 2667px) 100vw, 2667px\" \/><figcaption id=\"caption-attachment-2924\" class=\"wp-caption-text\">Nicolas Maxant till v\u00e4nster och Edward Snowden till h\u00f6ger. Foto: Fredrik Nilsson<\/figcaption><\/figure>\n<p>Att journalister ska skydda sina k\u00e4llor \u00e4r en grundregel. Vi vill nog p\u00e5st\u00e5 att alla journalister f\u00f6rst\u00e5r detta, men att m\u00e5nga saknar kunskap om hur de ska g\u00f6ra i praktiken. D\u00e4rf\u00f6r inneh\u00e5ller den kurs vi ger i unders\u00f6kande journalistik vid journalistprogrammet i Sundsvall f\u00f6rel\u00e4sningsmoment om digital s\u00e4kerhet.<\/p>\n<p><span class=\"fetingang\">Tre g\u00e4stf\u00f6rel\u00e4sare fr\u00e5n<\/span> Chalmers i G\u00f6teborg var hos oss f\u00f6r n\u00e5gra veckor sedan &#8211; Victor Waldenstr\u00f6m, Nicolas Maxant (bilden) och Robin Johansson, som st\u00e5r bakom f\u00f6retaget <a href=\"https:\/\/zifra.tech\/index.html\">Zifra<\/a>. Uppe till h\u00f6ger i bilden, p\u00e5 vita tavlan, syns visselbl\u00e5saren Edward Snowden. Utan tvekan har hans avsl\u00f6jande om den amerikanska underr\u00e4ttelsetj\u00e4nsten NSA:s gr\u00e4nsl\u00f6sa \u00f6vervakning av all kommunikation p\u00e5 internet bidragit till att\u00a0\u00f6ka v\u00e5r kollektiva, journalistiska, f\u00f6rst\u00e5else f\u00f6r s\u00e4kerhetsfr\u00e5gorna p\u00e5 n\u00e4tet. Zifra utvecklar just nu ett minneskort som krypterar bilder, som p\u00e5 sikt kan bli anv\u00e4ndbart f\u00f6r journalister som arbetar p\u00e5 f\u00e4ltet. Kanske blir det en standardl\u00f6sning f\u00f6r branschen p\u00e5 sikt.<\/p>\n<p><span class=\"fetingang\">Inf\u00f6r bes\u00f6ket bad<\/span>\u00a0v\u00e5ra g\u00e4ster fr\u00e5n Chalmers oss att installera f\u00f6ljande program i v\u00e5ra datorer. Vi delar g\u00e4rna med oss av listan eftersom allt som h\u00f6jer v\u00e5r professionella beredskap och bidrar till b\u00e4ttre skydd f\u00f6r v\u00e5ra k\u00e4llor \u00e4r v\u00e4lkommen kunskap:<\/p>\n<div class=\"faktaruta\">\n<p><span class=\"faktarubrik\">S\u00e5 h\u00f6jer du din digitala s\u00e4kerhet p\u00e5 ett enkelt s\u00e4tt<\/span><\/p>\n<p>PGP (krypteringsprogram f\u00f6r e-post):<\/p>\n<p>MAC:<br \/>\n <a href=\"https:\/\/gpgtools.org\/\">https:\/\/gpgtools.org\/<\/a><\/p>\n<p> PC:<br \/>\n <a href=\"https:\/\/www.gpg4win.de\/index.html\">https:\/\/www.gpg4win.de\/index.html<\/a><\/p>\n<p>TOR (surfa anonymt p\u00e5 n\u00e4tet):<\/p>\n<p>MAC:<br \/>\n <a href=\"https:\/\/www.torproject.org\/download\/download-easy.html.en#mac\">https:\/\/www.torproject.org\/download\/download-easy.html.en#mac<\/a><\/p>\n<p> PC:<br \/>\n <a href=\"https:\/\/www.torproject.org\/download\/download-easy.html.en#windows\">https:\/\/www.torproject.org\/download\/download-easy.html.en#windows<\/a><\/p>\n<p>Signal (app f\u00f6r kryptering av sms):<\/p>\n<p>iOS:<br \/>\n <a href=\"https:\/\/itunes.apple.com\/us\/app\/signal-private-messenger\/id874139669?mt=8\">https:\/\/itunes.apple.com\/us\/app\/signal-private-messenger\/id874139669?mt=8<\/a><\/p>\n<p> Android:<br \/>\n <a href=\"https:\/\/play.google.com\/store\/apps\/details?id=org.thoughtcrime.securesms&amp;hl=en\">https:\/\/play.google.com\/store\/apps\/details?id=org.thoughtcrime.securesms&amp;hl=en<\/a><\/p>\n<\/div>\n<div class=\"byline\">\n\tFredrik Nilsson<br \/>\n \tL\u00e4rare, Mittuniversitetets journalistprogram<\/p>\n<div id=\"themify_builder_content-2923\" data-postid=\"2923\" class=\"themify_builder_content themify_builder_content-2923 themify_builder\">\n    <\/div>\n<!-- \/themify_builder_content -->","protected":false},"excerpt":{"rendered":"<p>Att journalister ska skydda sina k\u00e4llor \u00e4r en grundregel. Vi vill nog p\u00e5st\u00e5 att alla journalister f\u00f6rst\u00e5r detta, men att m\u00e5nga saknar kunskap om hur de ska g\u00f6ra i praktiken. D\u00e4rf\u00f6r inneh\u00e5ller den kurs vi ger i unders\u00f6kande journalistik vid journalistprogrammet i Sundsvall f\u00f6rel\u00e4sningsmoment om digital s\u00e4kerhet. Tre g\u00e4stf\u00f6rel\u00e4sare fr\u00e5n Chalmers i G\u00f6teborg var hos [&hellip;]<\/p>\n","protected":false},"author":87,"featured_media":0,"parent":0,"menu_order":0,"comment_status":"closed","ping_status":"closed","template":"","meta":[],"categories":[2],"tags":[],"_links":{"self":[{"href":"http:\/\/mkv.miun.se\/dcase2018\/wp-json\/wp\/v2\/pages\/2923"}],"collection":[{"href":"http:\/\/mkv.miun.se\/dcase2018\/wp-json\/wp\/v2\/pages"}],"about":[{"href":"http:\/\/mkv.miun.se\/dcase2018\/wp-json\/wp\/v2\/types\/page"}],"author":[{"embeddable":true,"href":"http:\/\/mkv.miun.se\/dcase2018\/wp-json\/wp\/v2\/users\/87"}],"replies":[{"embeddable":true,"href":"http:\/\/mkv.miun.se\/dcase2018\/wp-json\/wp\/v2\/comments?post=2923"}],"version-history":[{"count":10,"href":"http:\/\/mkv.miun.se\/dcase2018\/wp-json\/wp\/v2\/pages\/2923\/revisions"}],"predecessor-version":[{"id":3003,"href":"http:\/\/mkv.miun.se\/dcase2018\/wp-json\/wp\/v2\/pages\/2923\/revisions\/3003"}],"wp:attachment":[{"href":"http:\/\/mkv.miun.se\/dcase2018\/wp-json\/wp\/v2\/media?parent=2923"}],"wp:term":[{"taxonomy":"category","embeddable":true,"href":"http:\/\/mkv.miun.se\/dcase2018\/wp-json\/wp\/v2\/categories?post=2923"},{"taxonomy":"post_tag","embeddable":true,"href":"http:\/\/mkv.miun.se\/dcase2018\/wp-json\/wp\/v2\/tags?post=2923"}],"curies":[{"name":"wp","href":"https:\/\/api.w.org\/{rel}","templated":true}]}}