{"id":3510,"date":"2017-05-22T11:13:52","date_gmt":"2017-05-22T09:13:52","guid":{"rendered":"http:\/\/www.dcase.se\/?page_id=3510"},"modified":"2018-04-05T15:23:23","modified_gmt":"2018-04-05T13:23:23","slug":"tommy-naurin-40-ton-later-som-ratt-mycket","status":"publish","type":"page","link":"http:\/\/mkv.miun.se\/dcase2018\/tommy-naurin-40-ton-later-som-ratt-mycket\/","title":{"rendered":"Tommy Naurin: \u201d40 ton l\u00e5ter som r\u00e4tt mycket\u201d"},"content":{"rendered":"<div style=\"position: relative; height: 0; padding-bottom: 56.25%;\"><iframe loading=\"lazy\" style=\"position: absolute; width: 100%; height: 100%; left: 0;\" src=\"https:\/\/www.youtube.com\/embed\/t1YmdCv7Zfc?ecver=2\" width=\"640\" height=\"360\" frameborder=\"0\" allowfullscreen=\"allowfullscreen\" data-mce-fragment=\"1\"><\/iframe><\/div>\n<p>Vi tr\u00e4ffade Tommy Naurin p\u00e5 Idrottsparken f\u00f6r att prata konstgr\u00e4s och milj\u00f6.<\/p>\n<p><span class=\"byline\">Johanna Bak, Tobias Blixt, Mathilda Gustafsson<br \/>\n Epost: miundigit@gmail.com<\/span><\/p>\n<p>&nbsp;<\/p>\n<div id=\"themify_builder_content-3510\" data-postid=\"3510\" class=\"themify_builder_content themify_builder_content-3510 themify_builder\">\n    <\/div>\n<!-- \/themify_builder_content -->","protected":false},"excerpt":{"rendered":"<p>Vi tr\u00e4ffade Tommy Naurin p\u00e5 Idrottsparken f\u00f6r att prata konstgr\u00e4s och milj\u00f6. Johanna Bak, Tobias Blixt, Mathilda Gustafsson Epost: miundigit@gmail.com &nbsp;<\/p>\n","protected":false},"author":1,"featured_media":3743,"parent":0,"menu_order":0,"comment_status":"closed","ping_status":"closed","template":"","meta":[],"categories":[20],"tags":[55,86,71,84,61,69,85,57,62,72,63,83,64,66,59,73,56,34,82,35],"_links":{"self":[{"href":"http:\/\/mkv.miun.se\/dcase2018\/wp-json\/wp\/v2\/pages\/3510"}],"collection":[{"href":"http:\/\/mkv.miun.se\/dcase2018\/wp-json\/wp\/v2\/pages"}],"about":[{"href":"http:\/\/mkv.miun.se\/dcase2018\/wp-json\/wp\/v2\/types\/page"}],"author":[{"embeddable":true,"href":"http:\/\/mkv.miun.se\/dcase2018\/wp-json\/wp\/v2\/users\/1"}],"replies":[{"embeddable":true,"href":"http:\/\/mkv.miun.se\/dcase2018\/wp-json\/wp\/v2\/comments?post=3510"}],"version-history":[{"count":6,"href":"http:\/\/mkv.miun.se\/dcase2018\/wp-json\/wp\/v2\/pages\/3510\/revisions"}],"predecessor-version":[{"id":5708,"href":"http:\/\/mkv.miun.se\/dcase2018\/wp-json\/wp\/v2\/pages\/3510\/revisions\/5708"}],"wp:featuredmedia":[{"embeddable":true,"href":"http:\/\/mkv.miun.se\/dcase2018\/wp-json\/wp\/v2\/media\/3743"}],"wp:attachment":[{"href":"http:\/\/mkv.miun.se\/dcase2018\/wp-json\/wp\/v2\/media?parent=3510"}],"wp:term":[{"taxonomy":"category","embeddable":true,"href":"http:\/\/mkv.miun.se\/dcase2018\/wp-json\/wp\/v2\/categories?post=3510"},{"taxonomy":"post_tag","embeddable":true,"href":"http:\/\/mkv.miun.se\/dcase2018\/wp-json\/wp\/v2\/tags?post=3510"}],"curies":[{"name":"wp","href":"https:\/\/api.w.org\/{rel}","templated":true}]}}