{"id":57,"date":"2019-04-01T14:34:59","date_gmt":"2019-04-01T13:34:59","guid":{"rendered":"http:\/\/mkv.miun.se\/dcase2019\/?page_id=57"},"modified":"2019-04-05T06:44:55","modified_gmt":"2019-04-05T05:44:55","slug":"knyck-vara-knack","status":"publish","type":"page","link":"http:\/\/mkv.miun.se\/dcase2019\/knyck-vara-knack\/","title":{"rendered":"Knyck v\u00e5ra kn\u00e4ck"},"content":{"rendered":"\n<p><strong>Det som publiceras p\u00e5 DCase.se \u00e4r resultatet av grundlig research, h\u00e5rd faktakontroll och \u00f6vertygelsen att  god oberoende journalistik \u00e4r viktig. Med <a href=\"https:\/\/www.propublica.org\/\">ProPublica<\/a> som f\u00f6rebild erbjuder vi gratis \u00e5terpublicering av v\u00e5ra artiklar och grafik.<\/strong><\/p>\n\n\n\n<p>Vi anv\u00e4nder <a href=\"http:\/\/creativecommons.org\/licenses\/by-nd\/4.0\/\">Creative Commons <\/a>verktyg f\u00f6r licensiering av v\u00e5ra verk.<\/p>\n\n\n\n<p>Innan du \u00e5terpublicerar beh\u00f6ver du k\u00e4nna till det h\u00e4r:<\/p>\n\n\n\n<ul><li>Du f\u00e5r inte redigera material som  publiceras p\u00e5 DCase.se utan tillst\u00e5nd. Undantaget \u00e4r relativt enkla  \u00e4ndringar av tids- och platsangivelser. Till exempel s\u00e5 kan du \u00e4ndra  \u201dig\u00e5r\u201d till \u201df\u00f6rra veckan\u201d och \u201dSundsvall\u201d till \u201dh\u00e4r\u201d. \u00c4ven  redigeringstekniskt enkla \u00e4ndringar, som mellanrubriker, g\u00e5r att l\u00e4gga  till. F\u00f6r \u00f6vrig redigering kontakta f\u00f6rst artikelf\u00f6rfattare eller  ansvarig utgivare f\u00f6r DCase.se, Peter Jonriksson.<\/li><li>Om du \u00e5terpublicerar artiklar fr\u00e5n DCase.se p\u00e5 n\u00e4tet, s\u00e5 m\u00e5ste du ocks\u00e5 l\u00e4nka till den befintliga originalartikeln p\u00e5 DCase.se.<\/li><li>Du f\u00e5r inte s\u00e4lja v\u00e5rt material vidare eller&nbsp;\u00e5terpublicera v\u00e5ra artiklar automatiskt.<\/li><li>Om du vill \u00e5terpublicera fotografier, illustrationer eller r\u00f6rliga bilder fr\u00e5n DCase.se s\u00e5 kontakta alltid ansvarig utgivare.<\/li><li>P\u00e5 webbsidor d\u00e4r&nbsp;du \u00e5terpublicerar v\u00e5ra artiklar ska det vara tydligt angivet hur man kommer i kontakt med dig.<\/li><li>N\u00e4r du \u00e5terpublicerar m\u00e5ste du ge  DCase.se cred och respektera den ideella upphovsr\u00e4tten genom att s\u00e4tta  ut byline p\u00e5 artikelf\u00f6rfattaren\/artikelf\u00f6rfattarna, om inget annat anges  och helst i kombination med DCase.se, \u201dNamn Namnsson, DCase.se\u201d.<\/li><li><a href=\"http:\/\/www.creativecommons.se\/\">Creative Commons <\/a>tillhandah\u00e5ller  information om alla licenser f\u00f6r publicering och har du fr\u00e5gor s\u00e5 kan  du \u00e4ven kontakta ansvarig utgivare f\u00f6r DCase.se.<\/li><li>Om du \u00e5terpublicerar<strong> <\/strong>v\u00e5ra artiklar, s\u00e5 \u00e4r vi alltid tacksamma f\u00f6r att du ocks\u00e5 skickar ett e-postmeddelande till <a href=\"mailto:info@dcase.se\">info@dcase.se<\/a> om att du g\u00f6r detta.<\/li><\/ul>\n\n\n\n<p style=\"background-color:#f1f3f4\" class=\"has-background has-regular-font-size byline\"><strong>Skicka epost till <\/strong><a href=\"mailto:info@dcase.se\"><strong>tips@dcase.se<\/strong><\/a><strong><br>Tel <\/strong><a href=\"tel:010-1428444\"><strong>010-1428444 <\/strong><\/a><strong>(ansvarig utgivare, Peter Jonriksson)<\/strong><\/p>\n","protected":false},"excerpt":{"rendered":"<p>Det som publiceras p\u00e5 DCase.se \u00e4r resultatet av grundlig research, h\u00e5rd faktakontroll och \u00f6vertygelsen att god oberoende journalistik \u00e4r viktig. Med ProPublica som f\u00f6rebild erbjuder vi gratis \u00e5terpublicering av v\u00e5ra artiklar och grafik. Vi anv\u00e4nder Creative Commons verktyg f\u00f6r licensiering&#8230; <a class=\"more-link\" href=\"http:\/\/mkv.miun.se\/dcase2019\/knyck-vara-knack\/\">Forts\u00e4tt l\u00e4sa &rarr;<\/a><\/p>\n","protected":false},"author":1,"featured_media":0,"parent":0,"menu_order":0,"comment_status":"closed","ping_status":"closed","template":"","meta":{"_themeisle_gutenberg_block_has_review":false},"featured_image_urls":{"full":"","thumbnail":"","medium":"","medium_large":"","large":"","1536x1536":"","2048x2048":"","ab-block-post-grid-landscape":"","ab-block-post-grid-square":"","gb-block-post-grid-landscape":"","gb-block-post-grid-square":"","post-thumbnail":"","post-image":""},"post_excerpt_stackable":"<p>Det som publiceras p\u00e5 DCase.se \u00e4r resultatet av grundlig research, h\u00e5rd faktakontroll och \u00f6vertygelsen att god oberoende journalistik \u00e4r viktig. Med ProPublica som f\u00f6rebild erbjuder vi gratis \u00e5terpublicering av v\u00e5ra artiklar och grafik. Vi anv\u00e4nder Creative Commons verktyg f\u00f6r licensiering av v\u00e5ra verk. Innan du \u00e5terpublicerar beh\u00f6ver du k\u00e4nna till det h\u00e4r: Du f\u00e5r inte redigera material som publiceras p\u00e5 DCase.se utan tillst\u00e5nd. Undantaget \u00e4r relativt enkla \u00e4ndringar av tids- och platsangivelser. Till exempel s\u00e5 kan du \u00e4ndra \u201dig\u00e5r\u201d till \u201df\u00f6rra veckan\u201d och \u201dSundsvall\u201d till \u201dh\u00e4r\u201d. \u00c4ven redigeringstekniskt enkla \u00e4ndringar, som mellanrubriker, g\u00e5r att l\u00e4gga till. F\u00f6r \u00f6vrig redigering kontakta&hellip;<\/p>\n","category_list":"","author_info":{"name":"Per Mattsson","url":"http:\/\/mkv.miun.se\/dcase2019\/author\/admin\/"},"comments_num":"0 comments","featured_image_urls_v2":{"full":"","thumbnail":"","medium":"","medium_large":"","large":"","1536x1536":"","2048x2048":"","ab-block-post-grid-landscape":"","ab-block-post-grid-square":"","gb-block-post-grid-landscape":"","gb-block-post-grid-square":"","post-thumbnail":"","post-image":""},"post_excerpt_stackable_v2":"<p>Det som publiceras p\u00e5 DCase.se \u00e4r resultatet av grundlig research, h\u00e5rd faktakontroll och \u00f6vertygelsen att god oberoende journalistik \u00e4r viktig. Med ProPublica som f\u00f6rebild erbjuder vi gratis \u00e5terpublicering av v\u00e5ra artiklar och grafik. Vi anv\u00e4nder Creative Commons verktyg f\u00f6r licensiering av v\u00e5ra verk. Innan du \u00e5terpublicerar beh\u00f6ver du k\u00e4nna till det h\u00e4r: Du f\u00e5r inte redigera material som publiceras p\u00e5 DCase.se utan tillst\u00e5nd. Undantaget \u00e4r relativt enkla \u00e4ndringar av tids- och platsangivelser. Till exempel s\u00e5 kan du \u00e4ndra \u201dig\u00e5r\u201d till \u201df\u00f6rra veckan\u201d och \u201dSundsvall\u201d till \u201dh\u00e4r\u201d. \u00c4ven redigeringstekniskt enkla \u00e4ndringar, som mellanrubriker, g\u00e5r att l\u00e4gga till. F\u00f6r \u00f6vrig redigering kontakta&hellip;<\/p>\n","category_list_v2":"","author_info_v2":{"name":"Per Mattsson","url":"http:\/\/mkv.miun.se\/dcase2019\/author\/admin\/"},"comments_num_v2":"0 comments","featured_image_src":null,"featured_image_src_square":null,"_links":{"self":[{"href":"http:\/\/mkv.miun.se\/dcase2019\/wp-json\/wp\/v2\/pages\/57"}],"collection":[{"href":"http:\/\/mkv.miun.se\/dcase2019\/wp-json\/wp\/v2\/pages"}],"about":[{"href":"http:\/\/mkv.miun.se\/dcase2019\/wp-json\/wp\/v2\/types\/page"}],"author":[{"embeddable":true,"href":"http:\/\/mkv.miun.se\/dcase2019\/wp-json\/wp\/v2\/users\/1"}],"replies":[{"embeddable":true,"href":"http:\/\/mkv.miun.se\/dcase2019\/wp-json\/wp\/v2\/comments?post=57"}],"version-history":[{"count":11,"href":"http:\/\/mkv.miun.se\/dcase2019\/wp-json\/wp\/v2\/pages\/57\/revisions"}],"predecessor-version":[{"id":275,"href":"http:\/\/mkv.miun.se\/dcase2019\/wp-json\/wp\/v2\/pages\/57\/revisions\/275"}],"wp:attachment":[{"href":"http:\/\/mkv.miun.se\/dcase2019\/wp-json\/wp\/v2\/media?parent=57"}],"curies":[{"name":"wp","href":"https:\/\/api.w.org\/{rel}","templated":true}]}}