{"id":10105,"date":"2023-05-30T16:22:45","date_gmt":"2023-05-30T15:22:45","guid":{"rendered":"http:\/\/dcase.se\/dcase2024\/?page_id=10105"},"modified":"2023-05-31T10:50:09","modified_gmt":"2023-05-31T09:50:09","slug":"dcase-granskning-av-nathandeln-sa-latt-ar-det-att-bli-blast-pa-ett-klick","status":"publish","type":"page","link":"https:\/\/dcase.se\/dcase-2024\/dcase-granskning-av-nathandeln-sa-latt-ar-det-att-bli-blast-pa-ett-klick\/","title":{"rendered":"Dcase granskning av n\u00e4thandeln &#8211; s\u00e5 l\u00e4tt \u00e4r det att bli bl\u00e5st p\u00e5 ett klick."},"content":{"rendered":"\n<p><\/p>\n\n\n","protected":false},"excerpt":{"rendered":"","protected":false},"author":141,"featured_media":10109,"parent":0,"menu_order":0,"comment_status":"closed","ping_status":"closed","template":"","meta":{"_monsterinsights_skip_tracking":false,"_monsterinsights_sitenote_active":false,"_monsterinsights_sitenote_note":"","_monsterinsights_sitenote_category":0,"_themeisle_gutenberg_block_has_review":false,"footnotes":""},"class_list":["post-10105","page","type-page","status-publish","has-post-thumbnail","hentry"],"aioseo_notices":[],"featured_image_src":"https:\/\/dcase.se\/dcase-2024\/wp-content\/uploads\/sites\/4\/2023\/05\/www.dcase.se_omslagsbild-600x400.jpg","featured_image_src_square":"https:\/\/dcase.se\/dcase-2024\/wp-content\/uploads\/sites\/4\/2023\/05\/www.dcase.se_omslagsbild-600x600.jpg","_links":{"self":[{"href":"https:\/\/dcase.se\/dcase-2024\/wp-json\/wp\/v2\/pages\/10105","targetHints":{"allow":["GET"]}}],"collection":[{"href":"https:\/\/dcase.se\/dcase-2024\/wp-json\/wp\/v2\/pages"}],"about":[{"href":"https:\/\/dcase.se\/dcase-2024\/wp-json\/wp\/v2\/types\/page"}],"author":[{"embeddable":true,"href":"https:\/\/dcase.se\/dcase-2024\/wp-json\/wp\/v2\/users\/141"}],"replies":[{"embeddable":true,"href":"https:\/\/dcase.se\/dcase-2024\/wp-json\/wp\/v2\/comments?post=10105"}],"version-history":[{"count":5,"href":"https:\/\/dcase.se\/dcase-2024\/wp-json\/wp\/v2\/pages\/10105\/revisions"}],"predecessor-version":[{"id":11734,"href":"https:\/\/dcase.se\/dcase-2024\/wp-json\/wp\/v2\/pages\/10105\/revisions\/11734"}],"wp:featuredmedia":[{"embeddable":true,"href":"https:\/\/dcase.se\/dcase-2024\/wp-json\/wp\/v2\/media\/10109"}],"wp:attachment":[{"href":"https:\/\/dcase.se\/dcase-2024\/wp-json\/wp\/v2\/media?parent=10105"}],"curies":[{"name":"wp","href":"https:\/\/api.w.org\/{rel}","templated":true}]}}