{"id":12054,"date":"2024-05-22T12:51:08","date_gmt":"2024-05-22T11:51:08","guid":{"rendered":"http:\/\/dcase.se\/dcase2024\/?page_id=12054"},"modified":"2024-05-27T15:36:10","modified_gmt":"2024-05-27T14:36:10","slug":"dcase-granskar-de-hoga-lonerna-inom-psykiatrin","status":"publish","type":"page","link":"https:\/\/dcase.se\/dcase-2024\/dcase-granskar-de-hoga-lonerna-inom-psykiatrin\/","title":{"rendered":"Dcase granskar de h\u00f6ga l\u00f6nerna inom psykiatrin"},"content":{"rendered":"<section class=\"gb-block-post-grid featuredpost aligncenter\"><div class=\"gb-post-grid-items is-grid columns-2\"><article id=\"post-12723\" class=\"gb-post-grid-item post-12723 post type-post status-publish format-standard has-post-thumbnail hentry category-psykologmiljonerna\"><div class=\"gb-block-post-grid-image\"><a href=\"https:\/\/dcase.se\/dcase-2024\/psykologen-petra-erbjods-11-000-kronor-i-timlon\/\" rel=\"bookmark\" aria-hidden=\"true\" tabindex=\"-1\"><img loading=\"lazy\" decoding=\"async\" width=\"4032\" height=\"3024\" src=\"https:\/\/dcase.se\/dcase-2024\/wp-content\/uploads\/sites\/4\/2024\/05\/www.dcase.se_dragar-del-1.png\" class=\"attachment-full size-full\" alt=\"\" srcset=\"https:\/\/dcase.se\/dcase-2024\/wp-content\/uploads\/sites\/4\/2024\/05\/www.dcase.se_dragar-del-1.png 4032w, https:\/\/dcase.se\/dcase-2024\/wp-content\/uploads\/sites\/4\/2024\/05\/www.dcase.se_dragar-del-1-300x225.png 300w, https:\/\/dcase.se\/dcase-2024\/wp-content\/uploads\/sites\/4\/2024\/05\/www.dcase.se_dragar-del-1-1280x960.png 1280w, https:\/\/dcase.se\/dcase-2024\/wp-content\/uploads\/sites\/4\/2024\/05\/www.dcase.se_dragar-del-1-768x576.png 768w, https:\/\/dcase.se\/dcase-2024\/wp-content\/uploads\/sites\/4\/2024\/05\/www.dcase.se_dragar-del-1-1536x1152.png 1536w, https:\/\/dcase.se\/dcase-2024\/wp-content\/uploads\/sites\/4\/2024\/05\/www.dcase.se_dragar-del-1-2048x1536.png 2048w, https:\/\/dcase.se\/dcase-2024\/wp-content\/uploads\/sites\/4\/2024\/05\/www.dcase.se_dragar-del-1-600x450.png 600w, https:\/\/dcase.se\/dcase-2024\/wp-content\/uploads\/sites\/4\/2024\/05\/www.dcase.se_dragar-del-1-945x709.png 945w\" sizes=\"auto, (max-width: 4032px) 100vw, 4032px\" \/><\/a><\/div><div class=\"gb-block-post-grid-text\"><header class=\"gb-block-post-grid-header\"><h3 class=\"gb-block-post-grid-title\"><a href=\"https:\/\/dcase.se\/dcase-2024\/psykologen-petra-erbjods-11-000-kronor-i-timlon\/\" rel=\"bookmark\">Psykologen Petra erbj\u00f6ds 11 000 kronor i timl\u00f6n<\/a><\/h3><div class=\"gb-block-post-grid-byline\"><div class=\"gb-block-post-grid-author\" itemprop=\"author\" itemtype=\"https:\/\/schema.org\/Person\"><a class=\"gb-text-link\" href=\"https:\/\/dcase.se\/dcase-2024\/author\/jest2202\/\" itemprop=\"url\" rel=\"author\"><span itemprop=\"name\">Jesper Stridsberg<\/span><\/a><\/div><time datetime=\"2024-05-22T12:46:20+01:00\" class=\"gb-block-post-grid-date\" itemprop=\"datePublished\">2024-05-22<\/time><\/div><\/header><div class=\"gb-block-post-grid-excerpt\"><p>desperata l\u00e4get hos psykiatrin inom Region V\u00e4sternorrland har lett till desperata \u00e5tg\u00e4rder. Privata bolag tilldelas stora resurser f\u00f6r att hj\u00e4lpa regionen att korta ner k\u00f6erna &#8211; till ett h\u00f6gt pris.<\/p>\n<p><a class=\"gb-block-post-grid-more-link gb-text-link\" href=\"https:\/\/dcase.se\/dcase-2024\/psykologen-petra-erbjods-11-000-kronor-i-timlon\/\" rel=\"bookmark\">Till granskningen <span class=\"screen-reader-text\">Psykologen Petra erbj\u00f6ds 11 000 kronor i timl\u00f6n<\/span><\/a><\/p><\/div><\/div><\/article>\n<article id=\"post-13582\" class=\"gb-post-grid-item post-13582 post type-post status-publish format-standard has-post-thumbnail hentry category-psykologmiljonerna\"><div class=\"gb-block-post-grid-image\"><a href=\"https:\/\/dcase.se\/dcase-2024\/fler-utredningar-pa-kortare-tid-det-kanns-inte-seriost\/\" rel=\"bookmark\" aria-hidden=\"true\" tabindex=\"-1\"><img loading=\"lazy\" decoding=\"async\" width=\"1890\" height=\"1417\" src=\"https:\/\/dcase.se\/dcase-2024\/wp-content\/uploads\/sites\/4\/2024\/05\/www.dcase.se_dragarbild-del-2-1.png\" class=\"attachment-full size-full\" alt=\"\" srcset=\"https:\/\/dcase.se\/dcase-2024\/wp-content\/uploads\/sites\/4\/2024\/05\/www.dcase.se_dragarbild-del-2-1.png 1890w, https:\/\/dcase.se\/dcase-2024\/wp-content\/uploads\/sites\/4\/2024\/05\/www.dcase.se_dragarbild-del-2-1-300x225.png 300w, https:\/\/dcase.se\/dcase-2024\/wp-content\/uploads\/sites\/4\/2024\/05\/www.dcase.se_dragarbild-del-2-1-1280x960.png 1280w, https:\/\/dcase.se\/dcase-2024\/wp-content\/uploads\/sites\/4\/2024\/05\/www.dcase.se_dragarbild-del-2-1-768x576.png 768w, https:\/\/dcase.se\/dcase-2024\/wp-content\/uploads\/sites\/4\/2024\/05\/www.dcase.se_dragarbild-del-2-1-1536x1152.png 1536w, https:\/\/dcase.se\/dcase-2024\/wp-content\/uploads\/sites\/4\/2024\/05\/www.dcase.se_dragarbild-del-2-1-600x450.png 600w, https:\/\/dcase.se\/dcase-2024\/wp-content\/uploads\/sites\/4\/2024\/05\/www.dcase.se_dragarbild-del-2-1-945x709.png 945w\" sizes=\"auto, (max-width: 1890px) 100vw, 1890px\" \/><\/a><\/div><div class=\"gb-block-post-grid-text\"><header class=\"gb-block-post-grid-header\"><h3 class=\"gb-block-post-grid-title\"><a href=\"https:\/\/dcase.se\/dcase-2024\/fler-utredningar-pa-kortare-tid-det-kanns-inte-seriost\/\" rel=\"bookmark\">Fler utredningar p\u00e5 kortare tid: &#8221;Det k\u00e4nns inte seri\u00f6st&#8221;<\/a><\/h3><div class=\"gb-block-post-grid-byline\"><div class=\"gb-block-post-grid-author\" itemprop=\"author\" itemtype=\"https:\/\/schema.org\/Person\"><a class=\"gb-text-link\" href=\"https:\/\/dcase.se\/dcase-2024\/author\/jest2202\/\" itemprop=\"url\" rel=\"author\"><span itemprop=\"name\">Jesper Stridsberg<\/span><\/a><\/div><time datetime=\"2024-05-27T15:32:07+01:00\" class=\"gb-block-post-grid-date\" itemprop=\"datePublished\">2024-05-27<\/time><\/div><\/header><div class=\"gb-block-post-grid-excerpt\"><p>I erbjudandet fr\u00e5n bemanningsbolaget skulle 15 utredningar g\u00f6ras p\u00e5 mindre \u00e4n tv\u00e5 m\u00e5nader. Nu kan nya riktlinjer fr\u00e5n Socialstyrelsen s\u00e4tta stopp f\u00f6r snabbutredningar. \u2013 Ofta blir det f\u00f6r fort och f\u00f6r slarvigt, s\u00e4ger Anki Sandberg, f\u00f6rbundsdirekt\u00f6r p\u00e5 riksf\u00f6rbundet Attention. Under h\u00f6sten 2022 kom Socialstyrelsen ut med riktlinjer f\u00f6r hur diagnoser ska s\u00e4ttas. Under v\u00e5ren i&hellip;<\/p>\n<p><a class=\"gb-block-post-grid-more-link gb-text-link\" href=\"https:\/\/dcase.se\/dcase-2024\/fler-utredningar-pa-kortare-tid-det-kanns-inte-seriost\/\" rel=\"bookmark\">Till granskningen <span class=\"screen-reader-text\">Fler utredningar p\u00e5 kortare tid: &#8221;Det k\u00e4nns inte seri\u00f6st&#8221;<\/span><\/a><\/p><\/div><\/div><\/article>\n<article id=\"post-13908\" class=\"gb-post-grid-item post-13908 post type-post status-publish format-standard has-post-thumbnail hentry category-psykologmiljonerna\"><div class=\"gb-block-post-grid-image\"><a href=\"https:\/\/dcase.se\/dcase-2024\/psykologens-vittnesmal-om-bonliva-som-arbetsplats-miserabla-forhallanden-och-ingen-respekt-for-kvalitet\/\" rel=\"bookmark\" aria-hidden=\"true\" tabindex=\"-1\"><img loading=\"lazy\" decoding=\"async\" width=\"2560\" height=\"1440\" src=\"https:\/\/dcase.se\/dcase-2024\/wp-content\/uploads\/sites\/4\/2024\/06\/www.dcase.se_www.dcase-.se-dragaredel3-pdf.jpg\" class=\"attachment-full size-full\" alt=\"\" \/><\/a><\/div><div class=\"gb-block-post-grid-text\"><header class=\"gb-block-post-grid-header\"><h3 class=\"gb-block-post-grid-title\"><a href=\"https:\/\/dcase.se\/dcase-2024\/psykologens-vittnesmal-om-bonliva-som-arbetsplats-miserabla-forhallanden-och-ingen-respekt-for-kvalitet\/\" rel=\"bookmark\">Psykologens vittnesm\u00e5l om Bonliva som arbetsplats: &#8221;Miserabla f\u00f6rh\u00e5llanden och ingen respekt f\u00f6r kvalitet&#8221;<\/a><\/h3><div class=\"gb-block-post-grid-byline\"><div class=\"gb-block-post-grid-author\" itemprop=\"author\" itemtype=\"https:\/\/schema.org\/Person\"><a class=\"gb-text-link\" href=\"https:\/\/dcase.se\/dcase-2024\/author\/jest2202\/\" itemprop=\"url\" rel=\"author\"><span itemprop=\"name\">Jesper Stridsberg<\/span><\/a><\/div><time datetime=\"2024-06-03T09:35:07+01:00\" class=\"gb-block-post-grid-date\" itemprop=\"datePublished\">2024-06-03<\/time><\/div><\/header><div class=\"gb-block-post-grid-excerpt\"><p>Snabba utredningar, inget eget inflytande, allt ska ske p\u00e5 deras villkor och i den takt det kr\u00e4ver, annars blir du utan l\u00f6n. Detta kan man uppleva som anst\u00e4lld psykolog hos det privata bemanningsbolaget Bonliva Care AB.&nbsp; \u2013 Jag k\u00e4nde mig utnyttjad under miserabla och om\u00e4nskliga f\u00f6rh\u00e5llanden, s\u00e5 beskriver psykologen Eva Bergendal sin tid som anst\u00e4lld&hellip;<\/p>\n<p><a class=\"gb-block-post-grid-more-link gb-text-link\" href=\"https:\/\/dcase.se\/dcase-2024\/psykologens-vittnesmal-om-bonliva-som-arbetsplats-miserabla-forhallanden-och-ingen-respekt-for-kvalitet\/\" rel=\"bookmark\">Till granskningen <span class=\"screen-reader-text\">Psykologens vittnesm\u00e5l om Bonliva som arbetsplats: &#8221;Miserabla f\u00f6rh\u00e5llanden och ingen respekt f\u00f6r kvalitet&#8221;<\/span><\/a><\/p><\/div><\/div><\/article>\n<\/div><\/section>","protected":false},"excerpt":{"rendered":"","protected":false},"author":200,"featured_media":12707,"parent":0,"menu_order":0,"comment_status":"closed","ping_status":"closed","template":"","meta":{"_monsterinsights_skip_tracking":false,"_monsterinsights_sitenote_active":false,"_monsterinsights_sitenote_note":"","_monsterinsights_sitenote_category":0,"_themeisle_gutenberg_block_has_review":false,"footnotes":""},"class_list":["post-12054","page","type-page","status-publish","has-post-thumbnail","hentry"],"aioseo_notices":[],"featured_image_src":"https:\/\/dcase.se\/dcase-2024\/wp-content\/uploads\/sites\/4\/2024\/05\/www.dcase.se_dragarbild-grav-psyk-2-600x400.png","featured_image_src_square":"https:\/\/dcase.se\/dcase-2024\/wp-content\/uploads\/sites\/4\/2024\/05\/www.dcase.se_dragarbild-grav-psyk-2-600x600.png","_links":{"self":[{"href":"https:\/\/dcase.se\/dcase-2024\/wp-json\/wp\/v2\/pages\/12054","targetHints":{"allow":["GET"]}}],"collection":[{"href":"https:\/\/dcase.se\/dcase-2024\/wp-json\/wp\/v2\/pages"}],"about":[{"href":"https:\/\/dcase.se\/dcase-2024\/wp-json\/wp\/v2\/types\/page"}],"author":[{"embeddable":true,"href":"https:\/\/dcase.se\/dcase-2024\/wp-json\/wp\/v2\/users\/200"}],"replies":[{"embeddable":true,"href":"https:\/\/dcase.se\/dcase-2024\/wp-json\/wp\/v2\/comments?post=12054"}],"version-history":[{"count":6,"href":"https:\/\/dcase.se\/dcase-2024\/wp-json\/wp\/v2\/pages\/12054\/revisions"}],"predecessor-version":[{"id":13641,"href":"https:\/\/dcase.se\/dcase-2024\/wp-json\/wp\/v2\/pages\/12054\/revisions\/13641"}],"wp:featuredmedia":[{"embeddable":true,"href":"https:\/\/dcase.se\/dcase-2024\/wp-json\/wp\/v2\/media\/12707"}],"wp:attachment":[{"href":"https:\/\/dcase.se\/dcase-2024\/wp-json\/wp\/v2\/media?parent=12054"}],"curies":[{"name":"wp","href":"https:\/\/api.w.org\/{rel}","templated":true}]}}