{"id":12303,"date":"2024-05-20T15:42:45","date_gmt":"2024-05-20T14:42:45","guid":{"rendered":"http:\/\/dcase.se\/dcase2024\/?page_id=12303"},"modified":"2024-06-03T13:38:19","modified_gmt":"2024-06-03T12:38:19","slug":"jagarna-maktar-inte-med-att-skydda-skargardsfisket-dcase-granskar-jaktens-villkor","status":"publish","type":"page","link":"https:\/\/dcase.se\/dcase-2024\/jagarna-maktar-inte-med-att-skydda-skargardsfisket-dcase-granskar-jaktens-villkor\/","title":{"rendered":"J\u00e4garna m\u00e4ktar inte med att skydda sk\u00e4rg\u00e5rdsfisket &#8211; Dcase granskar jaktens villkor"},"content":{"rendered":"<section class=\"gb-block-post-grid featuredpost aligncenter\"><div class=\"gb-post-grid-items is-grid columns-2\"><article id=\"post-12304\" class=\"gb-post-grid-item post-12304 post type-post status-publish format-standard has-post-thumbnail hentry category-densalsyntajakten\"><div class=\"gb-block-post-grid-image\"><a href=\"https:\/\/dcase.se\/dcase-2024\/sa-hotar-sal-och-skarv-skargardsfisket\/\" rel=\"bookmark\" aria-hidden=\"true\" tabindex=\"-1\"><img loading=\"lazy\" decoding=\"async\" width=\"640\" height=\"360\" src=\"https:\/\/dcase.se\/dcase-2024\/wp-content\/uploads\/sites\/4\/2024\/05\/www.dcase.se_image9-kopia.png\" class=\"attachment-full size-full\" alt=\"\" srcset=\"https:\/\/dcase.se\/dcase-2024\/wp-content\/uploads\/sites\/4\/2024\/05\/www.dcase.se_image9-kopia.png 640w, https:\/\/dcase.se\/dcase-2024\/wp-content\/uploads\/sites\/4\/2024\/05\/www.dcase.se_image9-kopia-300x169.png 300w, https:\/\/dcase.se\/dcase-2024\/wp-content\/uploads\/sites\/4\/2024\/05\/www.dcase.se_image9-kopia-600x338.png 600w\" sizes=\"auto, (max-width: 640px) 100vw, 640px\" \/><\/a><\/div><div class=\"gb-block-post-grid-text\"><header class=\"gb-block-post-grid-header\"><h3 class=\"gb-block-post-grid-title\"><a href=\"https:\/\/dcase.se\/dcase-2024\/sa-hotar-sal-och-skarv-skargardsfisket\/\" rel=\"bookmark\">S\u00e5 hotar s\u00e4l och skarv sk\u00e4rg\u00e5rdsfisket<\/a><\/h3><div class=\"gb-block-post-grid-byline\"><div class=\"gb-block-post-grid-author\" itemprop=\"author\" itemtype=\"https:\/\/schema.org\/Person\"><a class=\"gb-text-link\" href=\"https:\/\/dcase.se\/dcase-2024\/author\/viza2200\/\" itemprop=\"url\" rel=\"author\"><span itemprop=\"name\">Viktor Zacharoff<\/span><\/a><\/div><time datetime=\"2024-05-20T10:14:07+01:00\" class=\"gb-block-post-grid-date\" itemprop=\"datePublished\">2024-05-20<\/time><\/div><\/header><div class=\"gb-block-post-grid-excerpt\"><p>Del 1.<br \/>\n Antalet s\u00e4l och skarv har \u00f6kat drastiskt de senaste \u00e5ren och hotar sk\u00e4rg\u00e5rdsfisket. Naturv\u00e5rdsverket har utf\u00e4rdat licens- och skyddsjakt p\u00e5 s\u00e4l, samt skyddsjakt p\u00e5 skarv. Men jakten \u00e4r dyr och j\u00e4garna f\u00e5. <\/p>\n<p><a class=\"gb-block-post-grid-more-link gb-text-link\" href=\"https:\/\/dcase.se\/dcase-2024\/sa-hotar-sal-och-skarv-skargardsfisket\/\" rel=\"bookmark\">Till granskningen <span class=\"screen-reader-text\">S\u00e5 hotar s\u00e4l och skarv sk\u00e4rg\u00e5rdsfisket<\/span><\/a><\/p><\/div><\/div><\/article>\n<article id=\"post-12890\" class=\"gb-post-grid-item post-12890 post type-post status-publish format-standard has-post-thumbnail hentry category-densalsyntajakten\"><div class=\"gb-block-post-grid-image\"><a href=\"https:\/\/dcase.se\/dcase-2024\/sal-och-skarvforvaltningens-konsekvenser\/\" rel=\"bookmark\" aria-hidden=\"true\" tabindex=\"-1\"><img loading=\"lazy\" decoding=\"async\" width=\"2560\" height=\"1707\" src=\"https:\/\/dcase.se\/dcase-2024\/wp-content\/uploads\/sites\/4\/2024\/05\/www.dcase.se_pexels-johny-rebel-the-explorer-panda-114076-1045075-scaled.jpg\" class=\"attachment-full size-full\" alt=\"\" srcset=\"https:\/\/dcase.se\/dcase-2024\/wp-content\/uploads\/sites\/4\/2024\/05\/www.dcase.se_pexels-johny-rebel-the-explorer-panda-114076-1045075-scaled.jpg 2560w, https:\/\/dcase.se\/dcase-2024\/wp-content\/uploads\/sites\/4\/2024\/05\/www.dcase.se_pexels-johny-rebel-the-explorer-panda-114076-1045075-300x200.jpg 300w, https:\/\/dcase.se\/dcase-2024\/wp-content\/uploads\/sites\/4\/2024\/05\/www.dcase.se_pexels-johny-rebel-the-explorer-panda-114076-1045075-1280x853.jpg 1280w, https:\/\/dcase.se\/dcase-2024\/wp-content\/uploads\/sites\/4\/2024\/05\/www.dcase.se_pexels-johny-rebel-the-explorer-panda-114076-1045075-768x512.jpg 768w, https:\/\/dcase.se\/dcase-2024\/wp-content\/uploads\/sites\/4\/2024\/05\/www.dcase.se_pexels-johny-rebel-the-explorer-panda-114076-1045075-1536x1024.jpg 1536w, https:\/\/dcase.se\/dcase-2024\/wp-content\/uploads\/sites\/4\/2024\/05\/www.dcase.se_pexels-johny-rebel-the-explorer-panda-114076-1045075-2048x1365.jpg 2048w, https:\/\/dcase.se\/dcase-2024\/wp-content\/uploads\/sites\/4\/2024\/05\/www.dcase.se_pexels-johny-rebel-the-explorer-panda-114076-1045075-600x400.jpg 600w, https:\/\/dcase.se\/dcase-2024\/wp-content\/uploads\/sites\/4\/2024\/05\/www.dcase.se_pexels-johny-rebel-the-explorer-panda-114076-1045075-945x630.jpg 945w\" sizes=\"auto, (max-width: 2560px) 100vw, 2560px\" \/><\/a><\/div><div class=\"gb-block-post-grid-text\"><header class=\"gb-block-post-grid-header\"><h3 class=\"gb-block-post-grid-title\"><a href=\"https:\/\/dcase.se\/dcase-2024\/sal-och-skarvforvaltningens-konsekvenser\/\" rel=\"bookmark\">S\u00e4l- och skarvf\u00f6rvaltningens konsekvenser<\/a><\/h3><div class=\"gb-block-post-grid-byline\"><div class=\"gb-block-post-grid-author\" itemprop=\"author\" itemtype=\"https:\/\/schema.org\/Person\"><a class=\"gb-text-link\" href=\"https:\/\/dcase.se\/dcase-2024\/author\/viza2200\/\" itemprop=\"url\" rel=\"author\"><span itemprop=\"name\">Viktor Zacharoff<\/span><\/a><\/div><time datetime=\"2024-05-22T14:03:20+01:00\" class=\"gb-block-post-grid-date\" itemprop=\"datePublished\">2024-05-22<\/time><\/div><\/header><div class=\"gb-block-post-grid-excerpt\"><p>Del 2.<br \/>\n Det \u00f6kande antalet s\u00e4l och skarv hotar bara inte sk\u00e4rg\u00e5rdsfisket utan hela ekosystemet. Sker ingen f\u00f6r\u00e4ndring kan det f\u00e5 f\u00f6r\u00f6dande konsekvenser, s\u00e4rskilt f\u00f6r s\u00e4larna. <\/p>\n<p><a class=\"gb-block-post-grid-more-link gb-text-link\" href=\"https:\/\/dcase.se\/dcase-2024\/sal-och-skarvforvaltningens-konsekvenser\/\" rel=\"bookmark\">Till granskningen <span class=\"screen-reader-text\">S\u00e4l- och skarvf\u00f6rvaltningens konsekvenser<\/span><\/a><\/p><\/div><\/div><\/article>\n<article id=\"post-13774\" class=\"gb-post-grid-item post-13774 post type-post status-publish format-standard has-post-thumbnail hentry category-densalsyntajakten\"><div class=\"gb-block-post-grid-image\"><a href=\"https:\/\/dcase.se\/dcase-2024\/myndigheternas-svar\/\" rel=\"bookmark\" aria-hidden=\"true\" tabindex=\"-1\"><img loading=\"lazy\" decoding=\"async\" width=\"1280\" height=\"1272\" src=\"https:\/\/dcase.se\/dcase-2024\/wp-content\/uploads\/sites\/4\/2024\/05\/www.dcase.se_bird-24605-1280.png\" class=\"attachment-full size-full\" alt=\"\" srcset=\"https:\/\/dcase.se\/dcase-2024\/wp-content\/uploads\/sites\/4\/2024\/05\/www.dcase.se_bird-24605-1280.png 1280w, https:\/\/dcase.se\/dcase-2024\/wp-content\/uploads\/sites\/4\/2024\/05\/www.dcase.se_bird-24605-1280-300x298.png 300w, https:\/\/dcase.se\/dcase-2024\/wp-content\/uploads\/sites\/4\/2024\/05\/www.dcase.se_bird-24605-1280-150x150.png 150w, https:\/\/dcase.se\/dcase-2024\/wp-content\/uploads\/sites\/4\/2024\/05\/www.dcase.se_bird-24605-1280-768x763.png 768w, https:\/\/dcase.se\/dcase-2024\/wp-content\/uploads\/sites\/4\/2024\/05\/www.dcase.se_bird-24605-1280-600x596.png 600w, https:\/\/dcase.se\/dcase-2024\/wp-content\/uploads\/sites\/4\/2024\/05\/www.dcase.se_bird-24605-1280-945x939.png 945w\" sizes=\"auto, (max-width: 1280px) 100vw, 1280px\" \/><\/a><\/div><div class=\"gb-block-post-grid-text\"><header class=\"gb-block-post-grid-header\"><h3 class=\"gb-block-post-grid-title\"><a href=\"https:\/\/dcase.se\/dcase-2024\/myndigheternas-svar\/\" rel=\"bookmark\">Myndigheternas svar &#8211; ett delat ansvar<\/a><\/h3><div class=\"gb-block-post-grid-byline\"><div class=\"gb-block-post-grid-author\" itemprop=\"author\" itemtype=\"https:\/\/schema.org\/Person\"><a class=\"gb-text-link\" href=\"https:\/\/dcase.se\/dcase-2024\/author\/viza2200\/\" itemprop=\"url\" rel=\"author\"><span itemprop=\"name\">Viktor Zacharoff<\/span><\/a><\/div><time datetime=\"2024-05-28T15:48:12+01:00\" class=\"gb-block-post-grid-date\" itemprop=\"datePublished\">2024-05-28<\/time><\/div><\/header><div class=\"gb-block-post-grid-excerpt\"><p>Del 3.<br \/>\nI tidigare avsnitt har vi tr\u00e4ffat personer som har upplevt en d\u00e5lig f\u00f6rvaltning av s\u00e4l och skarv. Nu kommer de ansvariga myndigheterna till tals och ber\u00e4ttar hur de arbetar med fr\u00e5gan och vilka roller de spelar i att f\u00f6rvalta best\u00e5nden.<\/p>\n<p><a class=\"gb-block-post-grid-more-link gb-text-link\" href=\"https:\/\/dcase.se\/dcase-2024\/myndigheternas-svar\/\" rel=\"bookmark\">Till granskningen <span class=\"screen-reader-text\">Myndigheternas svar &#8211; ett delat ansvar<\/span><\/a><\/p><\/div><\/div><\/article>\n<\/div><\/section>\n\n\n<p><\/p>\n","protected":false},"excerpt":{"rendered":"","protected":false},"author":204,"featured_media":12266,"parent":0,"menu_order":0,"comment_status":"closed","ping_status":"closed","template":"","meta":{"_monsterinsights_skip_tracking":false,"_monsterinsights_sitenote_active":false,"_monsterinsights_sitenote_note":"","_monsterinsights_sitenote_category":0,"_themeisle_gutenberg_block_has_review":false,"footnotes":""},"class_list":["post-12303","page","type-page","status-publish","has-post-thumbnail","hentry"],"aioseo_notices":[],"featured_image_src":"https:\/\/dcase.se\/dcase-2024\/wp-content\/uploads\/sites\/4\/2024\/05\/www.dcase.se_densailsyntajakten-2-600x400.jpg","featured_image_src_square":"https:\/\/dcase.se\/dcase-2024\/wp-content\/uploads\/sites\/4\/2024\/05\/www.dcase.se_densailsyntajakten-2-600x580.jpg","_links":{"self":[{"href":"https:\/\/dcase.se\/dcase-2024\/wp-json\/wp\/v2\/pages\/12303","targetHints":{"allow":["GET"]}}],"collection":[{"href":"https:\/\/dcase.se\/dcase-2024\/wp-json\/wp\/v2\/pages"}],"about":[{"href":"https:\/\/dcase.se\/dcase-2024\/wp-json\/wp\/v2\/types\/page"}],"author":[{"embeddable":true,"href":"https:\/\/dcase.se\/dcase-2024\/wp-json\/wp\/v2\/users\/204"}],"replies":[{"embeddable":true,"href":"https:\/\/dcase.se\/dcase-2024\/wp-json\/wp\/v2\/comments?post=12303"}],"version-history":[{"count":6,"href":"https:\/\/dcase.se\/dcase-2024\/wp-json\/wp\/v2\/pages\/12303\/revisions"}],"predecessor-version":[{"id":13843,"href":"https:\/\/dcase.se\/dcase-2024\/wp-json\/wp\/v2\/pages\/12303\/revisions\/13843"}],"wp:featuredmedia":[{"embeddable":true,"href":"https:\/\/dcase.se\/dcase-2024\/wp-json\/wp\/v2\/media\/12266"}],"wp:attachment":[{"href":"https:\/\/dcase.se\/dcase-2024\/wp-json\/wp\/v2\/media?parent=12303"}],"curies":[{"name":"wp","href":"https:\/\/api.w.org\/{rel}","templated":true}]}}