{"id":13998,"date":"2025-05-22T13:41:56","date_gmt":"2025-05-22T12:41:56","guid":{"rendered":"http:\/\/dcase.se\/dcase2024\/?page_id=13998"},"modified":"2025-06-03T13:34:55","modified_gmt":"2025-06-03T12:34:55","slug":"scampilot","status":"publish","type":"page","link":"https:\/\/dcase.se\/dcase-2024\/scampilot\/","title":{"rendered":"S\u00e5 luras du av falska och olagliga omd\u00f6men p\u00e5 Trustpilot"},"content":{"rendered":"\n<div style=\"height:184px\" aria-hidden=\"true\" class=\"wp-block-spacer\"><\/div>\n\n\n\n<p>Har du eller n\u00e5gon du k\u00e4nner blivit lurad av Trustpilot. H\u00f6r g\u00e4rna av dig till oss p\u00e5 v\u00e5r mejl strid.dcase@gmail.com eller p\u00e5 telefon 073 -96 06 160<\/p>\n\n\n\n<div style=\"height:100px\" aria-hidden=\"true\" class=\"wp-block-spacer\"><\/div>\n\n\n\n<p>Del 1. F\u00f6retag skryter om femstj\u00e4rniga recensioner p\u00e5 Trustpilot. Dcase kan nu avsl\u00f6ja hur f\u00f6rfalskade recensioner enkelt kan k\u00f6pas och publiceras p\u00e5 en plattform som garanterar att varje omd\u00f6me \u00e4r skrivet av en \u00e4kta konsument. Se del ett h\u00e4r nedan.<\/p>\n\n\n\n<div style=\"height:27px\" aria-hidden=\"true\" class=\"wp-block-spacer\"><\/div>\n\n\n\n<figure class=\"wp-block-embed is-type-video is-provider-youtube wp-block-embed-youtube wp-embed-aspect-16-9 wp-has-aspect-ratio\"><div class=\"wp-block-embed__wrapper\">\n<iframe loading=\"lazy\" title=\"1. F\u00f6rfalskade recensioner\" width=\"676\" height=\"380\" src=\"https:\/\/www.youtube.com\/embed\/CyOXpZeH27s?start=4&#038;feature=oembed\" frameborder=\"0\" allow=\"accelerometer; autoplay; clipboard-write; encrypted-media; gyroscope; picture-in-picture; web-share\" referrerpolicy=\"strict-origin-when-cross-origin\" allowfullscreen><\/iframe>\n<\/div><\/figure>\n\n\n\n<div style=\"height:77px\" aria-hidden=\"true\" class=\"wp-block-spacer\"><\/div>\n\n\n\n<p>Del 2: S\u00e4ljarna sitter runt om i hela v\u00e4rlden och skriver falska och olagliga recensioner p\u00e5 Trustpilot. Via ett f\u00f6rfalskat f\u00f6retag tar Dcase kontakt med s\u00e4ljare. De har inga problem med att skriva positivt, men de vill ha betalt.<\/p>\n\n\n\n<div style=\"height:33px\" aria-hidden=\"true\" class=\"wp-block-spacer\"><\/div>\n\n\n\n<figure class=\"wp-block-embed is-type-video is-provider-youtube wp-block-embed-youtube wp-embed-aspect-16-9 wp-has-aspect-ratio\"><div class=\"wp-block-embed__wrapper\">\n<iframe loading=\"lazy\" title=\"2. S\u00e4ljarna\" width=\"676\" height=\"380\" src=\"https:\/\/www.youtube.com\/embed\/prrM2om_TXE?feature=oembed\" frameborder=\"0\" allow=\"accelerometer; autoplay; clipboard-write; encrypted-media; gyroscope; picture-in-picture; web-share\" referrerpolicy=\"strict-origin-when-cross-origin\" allowfullscreen><\/iframe>\n<\/div><\/figure>\n\n\n\n<div style=\"height:60px\" aria-hidden=\"true\" class=\"wp-block-spacer\"><\/div>\n\n\n\n<p><br>Del 3. Trustpilot har tydliga riktlinjer och anv\u00e4nder avancerade system f\u00f6r att uppt\u00e4cka och ta bort falska recensioner. Dcase tar kontakt med Trustpilot och ber dem f\u00f6rklara hur falska recensioner \u00e4nd\u00e5 kan smita igenom deras system.<\/p>\n\n\n\n<div style=\"height:38px\" aria-hidden=\"true\" class=\"wp-block-spacer\"><\/div>\n\n\n\n<figure class=\"wp-block-embed is-type-video is-provider-youtube wp-block-embed-youtube wp-embed-aspect-16-9 wp-has-aspect-ratio\"><div class=\"wp-block-embed__wrapper\">\n<iframe loading=\"lazy\" title=\"3. Trustpilot &quot;Vi go\u0308r allt vi kan&quot;\" width=\"676\" height=\"380\" src=\"https:\/\/www.youtube.com\/embed\/4TDMqbyJI7A?feature=oembed\" frameborder=\"0\" allow=\"accelerometer; autoplay; clipboard-write; encrypted-media; gyroscope; picture-in-picture; web-share\" referrerpolicy=\"strict-origin-when-cross-origin\" allowfullscreen><\/iframe>\n<\/div><\/figure>\n\n\n\n<div style=\"height:136px\" aria-hidden=\"true\" class=\"wp-block-spacer\"><\/div>\n\n\n\n<p>Nedanf\u00f6r kan ni l\u00e4sa v\u00e5ra artiklar som vi sampublicerat med Resum\u00e9. <\/p>\n\n\n\n<div style=\"height:107px\" aria-hidden=\"true\" class=\"wp-block-spacer\"><\/div>\n\n\n\n\n\n<div style=\"height:75px\" aria-hidden=\"true\" class=\"wp-block-spacer\"><\/div>\n\n\n\n<p>Nedanf\u00f6r kan ni kolla in v\u00e5r granskning i sin helhet.<\/p>\n\n\n\n<div style=\"height:28px\" aria-hidden=\"true\" class=\"wp-block-spacer\"><\/div>\n\n\n\n<figure class=\"wp-block-embed is-type-video is-provider-youtube wp-block-embed-youtube wp-embed-aspect-16-9 wp-has-aspect-ratio\"><div class=\"wp-block-embed__wrapper\">\n<iframe loading=\"lazy\" title=\"Scampilot - Hela granskningen\" width=\"676\" height=\"380\" src=\"https:\/\/www.youtube.com\/embed\/oEd3_CIomrU?feature=oembed\" frameborder=\"0\" allow=\"accelerometer; autoplay; clipboard-write; encrypted-media; gyroscope; picture-in-picture; web-share\" referrerpolicy=\"strict-origin-when-cross-origin\" allowfullscreen><\/iframe>\n<\/div><\/figure>\n","protected":false},"excerpt":{"rendered":"<p>Har du eller n\u00e5gon du k\u00e4nner blivit lurad av Trustpilot. H\u00f6r g\u00e4rna av dig till oss p\u00e5 v\u00e5r mejl strid.dcase@gmail.com eller p\u00e5 telefon 073 -96 06 160 Del 1. F\u00f6retag skryter om femstj\u00e4rniga recensioner p\u00e5 Trustpilot. Dcase kan nu avsl\u00f6ja&#8230; <a class=\"more-link\" href=\"https:\/\/dcase.se\/dcase-2024\/scampilot\/\">Forts\u00e4tt l\u00e4sa &rarr;<\/a><\/p>\n","protected":false},"author":220,"featured_media":14083,"parent":0,"menu_order":0,"comment_status":"closed","ping_status":"closed","template":"","meta":{"_monsterinsights_skip_tracking":false,"_monsterinsights_sitenote_active":false,"_monsterinsights_sitenote_note":"","_monsterinsights_sitenote_category":0,"_themeisle_gutenberg_block_has_review":false,"footnotes":""},"class_list":["post-13998","page","type-page","status-publish","has-post-thumbnail","hentry"],"aioseo_notices":[],"featured_image_src":"https:\/\/dcase.se\/dcase-2024\/wp-content\/uploads\/sites\/4\/2025\/05\/www.dcase.se_dragarbilden-grav-1-1-scaled-e1747926956675-600x400.jpg","featured_image_src_square":"https:\/\/dcase.se\/dcase-2024\/wp-content\/uploads\/sites\/4\/2025\/05\/www.dcase.se_dragarbilden-grav-1-1-scaled-e1747926956675-600x600.jpg","_links":{"self":[{"href":"https:\/\/dcase.se\/dcase-2024\/wp-json\/wp\/v2\/pages\/13998","targetHints":{"allow":["GET"]}}],"collection":[{"href":"https:\/\/dcase.se\/dcase-2024\/wp-json\/wp\/v2\/pages"}],"about":[{"href":"https:\/\/dcase.se\/dcase-2024\/wp-json\/wp\/v2\/types\/page"}],"author":[{"embeddable":true,"href":"https:\/\/dcase.se\/dcase-2024\/wp-json\/wp\/v2\/users\/220"}],"replies":[{"embeddable":true,"href":"https:\/\/dcase.se\/dcase-2024\/wp-json\/wp\/v2\/comments?post=13998"}],"version-history":[{"count":35,"href":"https:\/\/dcase.se\/dcase-2024\/wp-json\/wp\/v2\/pages\/13998\/revisions"}],"predecessor-version":[{"id":14826,"href":"https:\/\/dcase.se\/dcase-2024\/wp-json\/wp\/v2\/pages\/13998\/revisions\/14826"}],"wp:featuredmedia":[{"embeddable":true,"href":"https:\/\/dcase.se\/dcase-2024\/wp-json\/wp\/v2\/media\/14083"}],"wp:attachment":[{"href":"https:\/\/dcase.se\/dcase-2024\/wp-json\/wp\/v2\/media?parent=13998"}],"curies":[{"name":"wp","href":"https:\/\/api.w.org\/{rel}","templated":true}]}}